{"id":2498,"date":"2026-03-09T11:51:56","date_gmt":"2026-03-09T09:51:56","guid":{"rendered":"https:\/\/visitpovljana.eu\/plaze\/segal\/"},"modified":"2026-03-09T11:52:58","modified_gmt":"2026-03-09T09:52:58","slug":"segal","status":"publish","type":"page","link":"https:\/\/visitpovljana.eu\/hr\/plaze\/segal\/","title":{"rendered":"Segal"},"content":{"rendered":"<div class=\"wpb-content-wrapper\"><p>[vc_row][vc_column][vc_column_text css=&#8221;&#8221;]Prirodna uvala sa kamenitom pla\u017eom u neposrednoj blizini \u0161ume idealna za cijelodnevni boravak. Izuzetno mirno i tiho podru\u010dje. Neposredno prije pla\u017ee postoji parking od kojeg ima dvjestotinjak metara hoda do pla\u017ee.[\/vc_column_text][\/vc_column][\/vc_row]<\/p>\n<\/div>","protected":false},"excerpt":{"rendered":"<p>[vc_row][vc_column][vc_column_text css=&#8221;&#8221;]Prirodna uvala sa kamenitom pla\u017eom u neposrednoj blizini \u0161ume idealna za cijelodnevni boravak. Izuzetno mirno i tiho podru\u010dje. Neposredno prije pla\u017ee postoji parking od kojeg ima dvjestotinjak metara hoda&hellip;<\/p>\n","protected":false},"author":1,"featured_media":0,"parent":1550,"menu_order":0,"comment_status":"closed","ping_status":"closed","template":"","meta":{"footnotes":""},"class_list":["post-2498","page","type-page","status-publish","hentry"],"yoast_head":"<!-- This site is optimized with the Yoast SEO plugin v27.1.1 - https:\/\/yoast.com\/product\/yoast-seo-wordpress\/ -->\n<title>Segal | Povljana Tourist Board<\/title>\n<meta name=\"robots\" content=\"index, follow, max-snippet:-1, max-image-preview:large, max-video-preview:-1\" \/>\n<link rel=\"canonical\" href=\"https:\/\/visitpovljana.eu\/hr\/plaze\/segal\/\" \/>\n<meta property=\"og:locale\" content=\"hr_HR\" \/>\n<meta property=\"og:type\" content=\"article\" \/>\n<meta property=\"og:title\" content=\"Segal | Povljana Tourist Board\" \/>\n<meta property=\"og:description\" content=\"[vc_row][vc_column][vc_column_text css=&#8221;&#8221;]Prirodna uvala sa kamenitom pla\u017eom u neposrednoj blizini \u0161ume idealna za cijelodnevni boravak. Izuzetno mirno i tiho podru\u010dje. Neposredno prije pla\u017ee postoji parking od kojeg ima dvjestotinjak metara hoda&hellip;\" \/>\n<meta property=\"og:url\" content=\"https:\/\/visitpovljana.eu\/hr\/plaze\/segal\/\" \/>\n<meta property=\"og:site_name\" content=\"Povljana Tourist Board\" \/>\n<meta property=\"article:publisher\" content=\"https:\/\/www.facebook.com\/turistickazajednica.povljana.9\" \/>\n<meta property=\"article:modified_time\" content=\"2026-03-09T09:52:58+00:00\" \/>\n<meta name=\"twitter:card\" content=\"summary_large_image\" \/>\n<script type=\"application\/ld+json\" class=\"yoast-schema-graph\">{\"@context\":\"https:\/\/schema.org\",\"@graph\":[{\"@type\":\"WebPage\",\"@id\":\"https:\/\/visitpovljana.eu\/hr\/plaze\/segal\/\",\"url\":\"https:\/\/visitpovljana.eu\/hr\/plaze\/segal\/\",\"name\":\"Segal | Povljana Tourist Board\",\"isPartOf\":{\"@id\":\"https:\/\/visitpovljana.eu\/#website\"},\"datePublished\":\"2026-03-09T09:51:56+00:00\",\"dateModified\":\"2026-03-09T09:52:58+00:00\",\"breadcrumb\":{\"@id\":\"https:\/\/visitpovljana.eu\/hr\/plaze\/segal\/#breadcrumb\"},\"inLanguage\":\"hr\",\"potentialAction\":[{\"@type\":\"ReadAction\",\"target\":[\"https:\/\/visitpovljana.eu\/hr\/plaze\/segal\/\"]}]},{\"@type\":\"BreadcrumbList\",\"@id\":\"https:\/\/visitpovljana.eu\/hr\/plaze\/segal\/#breadcrumb\",\"itemListElement\":[{\"@type\":\"ListItem\",\"position\":1,\"name\":\"Naslovnica\",\"item\":\"https:\/\/visitpovljana.eu\/hr\/\"},{\"@type\":\"ListItem\",\"position\":2,\"name\":\"Pla\u017ee\",\"item\":\"https:\/\/visitpovljana.eu\/hr\/plaze\/\"},{\"@type\":\"ListItem\",\"position\":3,\"name\":\"Segal\"}]},{\"@type\":\"WebSite\",\"@id\":\"https:\/\/visitpovljana.eu\/#website\",\"url\":\"https:\/\/visitpovljana.eu\/\",\"name\":\"Povljana Tourist Board\",\"description\":\"Official Website for Povljana Tourist Board\",\"publisher\":{\"@id\":\"https:\/\/visitpovljana.eu\/#organization\"},\"potentialAction\":[{\"@type\":\"SearchAction\",\"target\":{\"@type\":\"EntryPoint\",\"urlTemplate\":\"https:\/\/visitpovljana.eu\/?s={search_term_string}\"},\"query-input\":{\"@type\":\"PropertyValueSpecification\",\"valueRequired\":true,\"valueName\":\"search_term_string\"}}],\"inLanguage\":\"hr\"},{\"@type\":\"Organization\",\"@id\":\"https:\/\/visitpovljana.eu\/#organization\",\"name\":\"Povljana Tourist Board\",\"url\":\"https:\/\/visitpovljana.eu\/\",\"logo\":{\"@type\":\"ImageObject\",\"inLanguage\":\"hr\",\"@id\":\"https:\/\/visitpovljana.eu\/#\/schema\/logo\/image\/\",\"url\":\"https:\/\/visitpovljana.eu\/wp-content\/uploads\/2018\/11\/logo.png\",\"contentUrl\":\"https:\/\/visitpovljana.eu\/wp-content\/uploads\/2018\/11\/logo.png\",\"width\":225,\"height\":53,\"caption\":\"Povljana Tourist Board\"},\"image\":{\"@id\":\"https:\/\/visitpovljana.eu\/#\/schema\/logo\/image\/\"},\"sameAs\":[\"https:\/\/www.facebook.com\/turistickazajednica.povljana.9\",\"https:\/\/www.instagram.com\/povljanatz\/\",\"https:\/\/www.youtube.com\/channel\/UCxdqlvStUxA6OnUy3WyOIyw\"]}]}<\/script>\n<!-- \/ Yoast SEO plugin. -->","yoast_head_json":{"title":"Segal | Povljana Tourist Board","robots":{"index":"index","follow":"follow","max-snippet":"max-snippet:-1","max-image-preview":"max-image-preview:large","max-video-preview":"max-video-preview:-1"},"canonical":"https:\/\/visitpovljana.eu\/hr\/plaze\/segal\/","og_locale":"hr_HR","og_type":"article","og_title":"Segal | Povljana Tourist Board","og_description":"[vc_row][vc_column][vc_column_text css=&#8221;&#8221;]Prirodna uvala sa kamenitom pla\u017eom u neposrednoj blizini \u0161ume idealna za cijelodnevni boravak. Izuzetno mirno i tiho podru\u010dje. Neposredno prije pla\u017ee postoji parking od kojeg ima dvjestotinjak metara hoda&hellip;","og_url":"https:\/\/visitpovljana.eu\/hr\/plaze\/segal\/","og_site_name":"Povljana Tourist Board","article_publisher":"https:\/\/www.facebook.com\/turistickazajednica.povljana.9","article_modified_time":"2026-03-09T09:52:58+00:00","twitter_card":"summary_large_image","schema":{"@context":"https:\/\/schema.org","@graph":[{"@type":"WebPage","@id":"https:\/\/visitpovljana.eu\/hr\/plaze\/segal\/","url":"https:\/\/visitpovljana.eu\/hr\/plaze\/segal\/","name":"Segal | Povljana Tourist Board","isPartOf":{"@id":"https:\/\/visitpovljana.eu\/#website"},"datePublished":"2026-03-09T09:51:56+00:00","dateModified":"2026-03-09T09:52:58+00:00","breadcrumb":{"@id":"https:\/\/visitpovljana.eu\/hr\/plaze\/segal\/#breadcrumb"},"inLanguage":"hr","potentialAction":[{"@type":"ReadAction","target":["https:\/\/visitpovljana.eu\/hr\/plaze\/segal\/"]}]},{"@type":"BreadcrumbList","@id":"https:\/\/visitpovljana.eu\/hr\/plaze\/segal\/#breadcrumb","itemListElement":[{"@type":"ListItem","position":1,"name":"Naslovnica","item":"https:\/\/visitpovljana.eu\/hr\/"},{"@type":"ListItem","position":2,"name":"Pla\u017ee","item":"https:\/\/visitpovljana.eu\/hr\/plaze\/"},{"@type":"ListItem","position":3,"name":"Segal"}]},{"@type":"WebSite","@id":"https:\/\/visitpovljana.eu\/#website","url":"https:\/\/visitpovljana.eu\/","name":"Povljana Tourist Board","description":"Official Website for Povljana Tourist Board","publisher":{"@id":"https:\/\/visitpovljana.eu\/#organization"},"potentialAction":[{"@type":"SearchAction","target":{"@type":"EntryPoint","urlTemplate":"https:\/\/visitpovljana.eu\/?s={search_term_string}"},"query-input":{"@type":"PropertyValueSpecification","valueRequired":true,"valueName":"search_term_string"}}],"inLanguage":"hr"},{"@type":"Organization","@id":"https:\/\/visitpovljana.eu\/#organization","name":"Povljana Tourist Board","url":"https:\/\/visitpovljana.eu\/","logo":{"@type":"ImageObject","inLanguage":"hr","@id":"https:\/\/visitpovljana.eu\/#\/schema\/logo\/image\/","url":"https:\/\/visitpovljana.eu\/wp-content\/uploads\/2018\/11\/logo.png","contentUrl":"https:\/\/visitpovljana.eu\/wp-content\/uploads\/2018\/11\/logo.png","width":225,"height":53,"caption":"Povljana Tourist Board"},"image":{"@id":"https:\/\/visitpovljana.eu\/#\/schema\/logo\/image\/"},"sameAs":["https:\/\/www.facebook.com\/turistickazajednica.povljana.9","https:\/\/www.instagram.com\/povljanatz\/","https:\/\/www.youtube.com\/channel\/UCxdqlvStUxA6OnUy3WyOIyw"]}]}},"_links":{"self":[{"href":"https:\/\/visitpovljana.eu\/hr\/wp-json\/wp\/v2\/pages\/2498","targetHints":{"allow":["GET"]}}],"collection":[{"href":"https:\/\/visitpovljana.eu\/hr\/wp-json\/wp\/v2\/pages"}],"about":[{"href":"https:\/\/visitpovljana.eu\/hr\/wp-json\/wp\/v2\/types\/page"}],"author":[{"embeddable":true,"href":"https:\/\/visitpovljana.eu\/hr\/wp-json\/wp\/v2\/users\/1"}],"replies":[{"embeddable":true,"href":"https:\/\/visitpovljana.eu\/hr\/wp-json\/wp\/v2\/comments?post=2498"}],"version-history":[{"count":2,"href":"https:\/\/visitpovljana.eu\/hr\/wp-json\/wp\/v2\/pages\/2498\/revisions"}],"predecessor-version":[{"id":2501,"href":"https:\/\/visitpovljana.eu\/hr\/wp-json\/wp\/v2\/pages\/2498\/revisions\/2501"}],"up":[{"embeddable":true,"href":"https:\/\/visitpovljana.eu\/hr\/wp-json\/wp\/v2\/pages\/1550"}],"wp:attachment":[{"href":"https:\/\/visitpovljana.eu\/hr\/wp-json\/wp\/v2\/media?parent=2498"}],"curies":[{"name":"wp","href":"https:\/\/api.w.org\/{rel}","templated":true}]}}

<div class="wpb-content-wrapper"><p>[vc_row][vc_column][vc_column_text css=&#8221;&#8221;]Prirodna uvala sa kamenitom plažom u neposrednoj blizini šume idealna za cijelodnevni boravak. Izuzetno mirno i tiho područje. Neposredno prije plaže postoji parking od kojeg ima dvjestotinjak metara hoda do plaže.[/vc_column_text][/vc_column][/vc_row]</p>
</div>

<p>[vc_row][vc_column][vc_column_text css=&#8221;&#8221;]Prirodna uvala sa kamenitom plažom u neposrednoj blizini šume idealna za cijelodnevni boravak. Izuzetno mirno i tiho područje. Neposredno prije plaže postoji parking od kojeg ima dvjestotinjak metara hoda&hellip;</p>

<!-- This site is optimized with the Yoast SEO plugin v27.1.1 - https://yoast.com/product/yoast-seo-wordpress/ -->
<title>Segal | Povljana Tourist Board</title>
<meta name="robots" content="index, follow, max-snippet:-1, max-image-preview:large, max-video-preview:-1" />
<link rel="canonical" href="https://visitpovljana.eu/hr/plaze/segal/" />
<meta property="og:locale" content="hr_HR" />
<meta property="og:type" content="article" />
<meta property="og:title" content="Segal | Povljana Tourist Board" />
<meta property="og:description" content="[vc_row][vc_column][vc_column_text css=&#8221;&#8221;]Prirodna uvala sa kamenitom plažom u neposrednoj blizini šume idealna za cijelodnevni boravak. Izuzetno mirno i tiho područje. Neposredno prije plaže postoji parking od kojeg ima dvjestotinjak metara hoda&hellip;" />
<meta property="og:url" content="https://visitpovljana.eu/hr/plaze/segal/" />
<meta property="og:site_name" content="Povljana Tourist Board" />
<meta property="article:publisher" content="https://www.facebook.com/turistickazajednica.povljana.9" />
<meta property="article:modified_time" content="2026-03-09T09:52:58+00:00" />
<meta name="twitter:card" content="summary_large_image" />
<script type="application/ld+json" class="yoast-schema-graph">{"@context":"https://schema.org","@graph":[{"@type":"WebPage","@id":"https://visitpovljana.eu/hr/plaze/segal/","url":"https://visitpovljana.eu/hr/plaze/segal/","name":"Segal | Povljana Tourist Board","isPartOf":{"@id":"https://visitpovljana.eu/#website"},"datePublished":"2026-03-09T09:51:56+00:00","dateModified":"2026-03-09T09:52:58+00:00","breadcrumb":{"@id":"https://visitpovljana.eu/hr/plaze/segal/#breadcrumb"},"inLanguage":"hr","potentialAction":[{"@type":"ReadAction","target":["https://visitpovljana.eu/hr/plaze/segal/"]}]},{"@type":"BreadcrumbList","@id":"https://visitpovljana.eu/hr/plaze/segal/#breadcrumb","itemListElement":[{"@type":"ListItem","position":1,"name":"Naslovnica","item":"https://visitpovljana.eu/hr/"},{"@type":"ListItem","position":2,"name":"Plaže","item":"https://visitpovljana.eu/hr/plaze/"},{"@type":"ListItem","position":3,"name":"Segal"}]},{"@type":"WebSite","@id":"https://visitpovljana.eu/#website","url":"https://visitpovljana.eu/","name":"Povljana Tourist Board","description":"Official Website for Povljana Tourist Board","publisher":{"@id":"https://visitpovljana.eu/#organization"},"potentialAction":[{"@type":"SearchAction","target":{"@type":"EntryPoint","urlTemplate":"https://visitpovljana.eu/?s={search_term_string}"},"query-input":{"@type":"PropertyValueSpecification","valueRequired":true,"valueName":"search_term_string"}}],"inLanguage":"hr"},{"@type":"Organization","@id":"https://visitpovljana.eu/#organization","name":"Povljana Tourist Board","url":"https://visitpovljana.eu/","logo":{"@type":"ImageObject","inLanguage":"hr","@id":"https://visitpovljana.eu/#/schema/logo/image/","url":"https://visitpovljana.eu/wp-content/uploads/2018/11/logo.png","contentUrl":"https://visitpovljana.eu/wp-content/uploads/2018/11/logo.png","width":225,"height":53,"caption":"Povljana Tourist Board"},"image":{"@id":"https://visitpovljana.eu/#/schema/logo/image/"},"sameAs":["https://www.facebook.com/turistickazajednica.povljana.9","https://www.instagram.com/povljanatz/","https://www.youtube.com/channel/UCxdqlvStUxA6OnUy3WyOIyw"]}]}</script>
<!-- / Yoast SEO plugin. -->

[vc_row][vc_column][vc_column_text css=&#8221;&#8221;]Prirodna uvala sa kamenitom plažom u neposrednoj blizini šume idealna za cijelodnevni boravak. Izuzetno mirno i tiho područje. Neposredno prije plaže postoji parking od kojeg ima dvjestotinjak metara hoda&hellip;

Plaže
